 is divided by 71.
56
Calculate the remainder when 139638 is divided by 139544.
94
What is the remainder when 94190 is divided by 7243?
31
Calculate the remainder when 3916641 is divided by 1958309.
23
Calculate the remainder when 1848035 is divided by 1215.
20
Calculate the remainder when 540856 is divided by 1756.
8
Calculate the remainder when 312334 is divided by 311620.
714
What is the remainder when 5993666 is divided by 723?
719
What is the remainder when 2120490 is divided by 201?
141
Calculate the remainder when 134687 is divided by 320.
287
Calculate the remainder when 1341318 is divided by 13972.
6
What is the remainder when 23244895 is divided by 528293?
3
What is the remainder when 495460 is divided by 44931?
1219
Calculate the remainder when 22497645 is divided by 7499212.
9
What is the remainder when 288822 is divided by 286?
248
What is the remainder when 205074361 is divided by 223?
216
What is the remainder when 5758615 is divided by 8?
7
What is the remainder when 8388102 is divided by 988?
970
Calculate the remainder when 168890859 is divided by 56296951.
6
What is the remainder when 700841 is divided by 37?
24
What is the remainder when 788909 is divided by 1429?
101
Calculate the remainder when 99328967 is divided by 190.
7
What is the remainder when 164693 is divided by 477?
128
Calculate the remainder when 905720 is divided by 19.
9
What is the remainder when 127352 is divided by 1723?
1573
Calculate the remainder when 555711 is divided by 2531.
1422
Calculate the remainder when 1170475 is divided by 34.
25
What is the remainder when 8163076 is divided by 172?
128
Calculate the remainder when 198844 is divided by 49688.
92
Calculate the remainder when 399292 is divided by 13306.
112
What is the remainder when 248796 is divided by 1011?
90
Calculate the remainder when 47033553 is divided by 20.
13
Calculate the remainder when 79995873 is divided by 4.
1
Calculate the remainder when 121228 is divided by 60510.
208
Calculate the remainder when 6992901 is divided by 4935.
6
What is the remainder when 2140533 is divided by 401?
396
What is the remainder when 16546546 is divided by 756?
730
What is the remainder when 677797 is divided by 225891?
124
Calculate the remainder when 452997270 is divided by 728.
726
Calculate the remainder when 3333992 is divided by 644.
4
Calculate the remainder when 124021 is divided by 1508.
365
What is the remainder when 102466197 is divided by 38?
33
What is the remainder when 3714231 is divided by 206258?
1587
What is the remainder when 426937 is divided by 11068?
6353
Calculate the remainder when 3708967 is divided by 17578.
9
What is the remainder when 832243 is divided by 831499?
744
What is the remainder when 384719 is divided by 137?
23
Calculate the remainder when 48222447 is divided by 15.
12
Calculate the remainder when 11037 is divided by 1074.
297
What is the remainder when 133152 is divided by 1661?
272
What is the remainder when 499891 is divided by 249884?
123
What is the remainder when 140022 is divided by 165?
102
What is the remainder when 527065634 is divided by 9?
2
Calculate the remainder when 24894284 is divided by 135.
14
What is the remainder when 101099388 is divided by 14?
12
What is the remainder when 12656775 is divided by 4883?
39
Calculate the remainder when 78560 is divided by 419.
207
Calculate the remainder when 55135723 is divided by 522.
517
Calculate the remainder when 20140263 is divided by 546.
507
What is the remainder when 563461 is divided by 930?
811
What is the remainder when 1999637 is divided by 4140?
17
What is the remainder when 2022018 is divided by 202?
200
What is the remainder when 100814 is divided by 280?
14
What is the remainder when 409284 is divided by 136428?
0
Calculate the remainder when 35069347 is divided by 1247.
1213
Calculate the remainder when 10289479 is divided by 1843.
10
Calculate the remainder when 107122 is divided by 74.
44
Calculate the remainder when 53384 is divided by 3999.
1397
Calculate the remainder when 67093995 is divided by 1636.
1635
Calculate the remainder when 458429 is divided by 644.
545
What is the remainder when 1279717 is divided by 230?
227
Calculate the remainder when 2182830 is divided by 934.
72
What is the remainder when 246216 is divided by 578?
566
What is the remainder when 278427 is divided by 14711?
13629
What is the remainder when 12757564 is divided by 2551392?
604
Calculate the remainder when 68344 is divided by 22033.
2245
What is the remainder when 397215 is divided by 131928?
1431
What is the remainder when 18154 is divided by 2343?
1753
What is the remainder when 1870685 is divided by 146?
133
What is the remainder when 21084874 is divided by 223?
1
What is the remainder when 111503580 is divided by 4741?
1
Calculate the remainder when 379040 is divided by 120.
80
What is the remainder when 924171 is divided by 1757?
1746
What is the remainder when 233877 is divided by 4?
1
What is the remainder when 595553 is divided by 5782?
7
What is the remainder when 18928741 is divided by 9?
4
What is the remainder when 5743361 is divided by 43183?
22
What is the remainder when 39005 is divided by 12871?
392
Calculate the remainder when 219782 is divided by 275.
57
What is the remainder when 7402848 is divided by 2275?
2273
Calculate the remainder when 443371388 is divided by 1049.
1048
What is the remainder when 112040 is divided by 532?
320
Calculate the remainder when 454298 is divided by 1583.
1560
Calculate the remainder when 52560950 is divided by 26280472.
6
Calculate the remainder when 944784 is divided by 300.
84
Calculate the remainder when 9067516 is divided by 322.
318
Calculate the remainder when 13534 is divided by 270.
34
Calculate the remainder when 4319390 is divided by 94.
90
What is the remainder when 3122759 is divided by 109?
18
Calculate the remainder when 200776 is divided by 40145.
51
What is the remainder when 277339 is divided by 2828?
195
What is the remainder when 68216 is divided by 16966?
352
Calculate the remainder when 22663895 is divided by 7554619.
38
What is the remainder when 286255069 is divided by 47709175?
19
What is the remainder when 278965 is divided by 360?
325
What is the remainder when 80209357 is divided by 3190?
3187
Calculate the remainder when 45227805 is divided by 417.
402
Calculate the remainder when 870932 is divided by 72573.
56
What is the remainder when 1220919 is divided by 93899?
232
What is the remainder when 791271 is divided by 3190?
151
Calculate the remainder when 15049096 is divided by 1602.
1510
What is the remainder when 87381730 is divided by 67?
62
Calculate the remainder when 209058 is divided by 69558.
384
What is the remainder when 23230 is divided by 19635?
3595
Calculate the remainder when 34416624 is divided by 458888.
24
What is the remainder when 275071 is divided by 14?
13
What is the remainder when 92248 is divided by 4572?
808
What is the remainder when 335124 is divided by 2205?
2169
Calculate the remainder when 426402 is divided by 350.
102
Calculate the remainder when 371463 is divided by 4885.
203
Calculate the remainder when 88612 is divided by 17687.
177
What is the remainder when 71669 is divided by 1180?
869
Calculate the remainder when 186378 is divided by 342.
330
What is the remainder when 18942 is divided by 5037?
3831
Calculate the remainder when 46171321 is divided by 2565073.
7
What is the remainder when 18359932 is divided by 17603?
3
Calculate the remainder when 1310677 is divided by 492.
481
Calculate the remainder when 793629230 is divided by 35.
30
What is the remainder when 7503075 is divided by 9?
0
Calculate the remainder when 15337 is divided by 7668.
1
Calculate the remainder when 1044041917 is divided by 10.
7
What is the remainder when 8463472 is divided by 2821156?
4
What is the remainder when 12625 is divided by 5992?
641
Calculate the remainder when 4111434 is divided by 4111433.
1
Calculate the remainder when 42677647 is divided by 3389.
3359
Calculate the remainder when 331086 is divided by 62.
6
Calculate the remainder when 4197065 is divided by 62.
37
What is the remainder when 16248657 is divided by 2386?
2383
Calculate the remainder when 857078 is divided by 857058.
20
Calculate the